est common factor of 6 and 18?
6
What is the highest common divisor of 9381 and 1062?
177
What is the highest common factor of 96 and 204?
12
What is the greatest common factor of 56 and 448?
56
What is the highest common divisor of 351 and 1647?
27
What is the highest common divisor of 17 and 52411?
17
What is the highest common factor of 403 and 104?
13
Calculate the highest common divisor of 110 and 594.
22
What is the highest common divisor of 132 and 14322?
66
What is the greatest common divisor of 16 and 588?
4
Calculate the highest common divisor of 1656 and 288.
72
Calculate the greatest common divisor of 37 and 111.
37
Calculate the highest common divisor of 38870 and 299.
299
What is the highest common divisor of 1239 and 10325?
413
What is the highest common factor of 1184 and 1110?
74
What is the greatest common divisor of 58 and 3712?
58
Calculate the highest common factor of 32 and 14.
2
Calculate the highest common factor of 25 and 64650.
25
Calculate the greatest common divisor of 832 and 26.
26
What is the highest common factor of 50 and 30?
10
Calculate the highest common divisor of 324 and 135.
27
Calculate the greatest common divisor of 14453 and 873.
97
What is the highest common divisor of 18 and 10?
2
What is the greatest common divisor of 42 and 1491?
21
Calculate the greatest common factor of 43615 and 286.
143
What is the greatest common factor of 30 and 2900?
10
What is the greatest common factor of 54 and 1476?
18
Calculate the greatest common divisor of 174 and 426.
6
Calculate the highest common divisor of 651 and 279.
93
What is the greatest common divisor of 324 and 300?
12
Calculate the greatest common factor of 462 and 2002.
154
Calculate the greatest common factor of 168 and 22008.
168
Calculate the greatest common divisor of 6 and 12120.
6
Calculate the highest common factor of 1484 and 112.
28
What is the greatest common divisor of 120396 and 12?
12
What is the highest common factor of 200 and 80?
40
Calculate the highest common factor of 14 and 2534.
14
What is the highest common divisor of 999 and 148?
37
Calculate the highest common factor of 50 and 35350.
50
Calculate the highest common factor of 4 and 3788.
4
What is the highest common factor of 671 and 11?
11
What is the highest common divisor of 6720 and 1080?
120
What is the greatest common divisor of 8 and 388?
4
Calculate the highest common divisor of 16 and 496.
16
Calculate the greatest common divisor of 80 and 170.
10
What is the highest common factor of 19 and 40983?
19
Calculate the greatest common divisor of 108 and 21348.
36
What is the highest common divisor of 1064 and 152?
152
What is the greatest common factor of 69 and 15387?
69
Calculate the highest common divisor of 774 and 18.
18
What is the highest common factor of 121 and 11?
11
Calculate the greatest common divisor of 656 and 16.
16
Calculate the highest common factor of 696 and 1624.
232
Calculate the greatest common factor of 34 and 17.
17
Calculate the greatest common factor of 288 and 9.
9
What is the highest common divisor of 1086 and 24?
6
What is the greatest common divisor of 31 and 527?
31
Calculate the highest common divisor of 108 and 90.
18
What is the highest common divisor of 1899 and 90?
9
What is the highest common factor of 221 and 85?
17
Calculate the highest common divisor of 22 and 253.
11
What is the greatest common factor of 6 and 606?
6
What is the highest common factor of 224 and 6688?
32
Calculate the highest common factor of 80 and 432.
16
Calculate the greatest common divisor of 105 and 21.
21
What is the greatest common factor of 72 and 2088?
72
Calculate the highest common factor of 9620 and 148.
148
What is the highest common factor of 69 and 2967?
69
Calculate the greatest common factor of 1190 and 7.
7
Calculate the greatest common divisor of 468 and 429.
39
What is the highest common factor of 224 and 392?
56
What is the greatest common divisor of 1560 and 360?
120
Calculate the highest common divisor of 1150 and 2760.
230
What is the highest common divisor of 14 and 1351?
7
Calculate the highest common divisor of 18 and 14562.
18
What is the greatest common factor of 20 and 45?
5
What is the greatest common factor of 7 and 1?
1
Calculate the greatest common divisor of 10166 and 92.
46
Calculate the greatest common divisor of 54 and 108.
54
Calculate the greatest common factor of 1422 and 18.
18
What is the highest common factor of 18 and 66?
6
What is the greatest common divisor of 93 and 19189?
31
What is the greatest common divisor of 180 and 10305?
45
What is the greatest common divisor of 66 and 2640?
66
What is the highest common divisor of 54 and 30?
6
Calculate the highest common factor of 14 and 189.
7
What is the highest common factor of 13 and 1066?
13
What is the highest common factor of 18 and 162?
18
Calculate the greatest common divisor of 1066 and 65.
13
What is the greatest common factor of 1116 and 36?
36
What is the greatest common divisor of 112 and 12712?
56
What is the highest common divisor of 2255 and 55?
55
What is the highest common factor of 30 and 2850?
30
Calculate the greatest common divisor of 78 and 7930.
26
What is the highest common factor of 70 and 170?
10
Calculate the greatest common factor of 34 and 1360.
34
What is the greatest common divisor of 1050 and 475?
25
Calculate the greatest common divisor of 126 and 322.
14
Calculate the highest common factor of 60 and 5745.
15
Calculate the greatest common divisor of 60 and 4020.
60
Calculate the highest common factor of 516 and 24.
12
Calculate the highest common factor of 3706 and 51.
17
What is the greatest common factor of 1118 and 39?
13
What is the greatest common factor of 200 and 40?
40
Calculate the highest common factor of 15 and 42.
3
Calculate the greatest common factor of 928 and 29.
29
What is the highest common factor of 301 and 7?
7
Calculate the greatest common factor of 147 and 378.
21
What is the greatest common factor of 1691 and 38?
19
What is the highest common factor of 8 and 664?
8
What is the highest common divisor of 16 and 48?
16
What is the greatest common factor of 91 and 52?
13
What is the greatest common factor of 26 and 2?
2
Calculate the highest common divisor of 190 and 1862.
38
What is the highest common divisor of 3124 and 44?
44
What is the highest common factor of 5555 and 55?
55
Calculate the highest common factor of 1484 and 14.
14
Calculate the highest common divisor of 703 and 19.
19
What is the highest common factor of 96 and 3084?
12
Calculate the highest common factor of 18 and 69372.
18
Calculate the highest common factor of 21 and 2859.
3
What is the highest common divisor of 231 and 42?
21
What is the greatest common divisor of 96 and 336?
48
Calculate the highest common divisor of 76 and 17366.
38
Calculate the greatest common factor of 49 and 9457.
49
Calculate the greatest common factor of 55 and 1287.
11
What is the greatest common factor of 56666 and 58?
58
Calculate the greatest common divisor of 4170 and 120.
30
Calculate the greatest common factor of 12 and 12228.
12
Calculate the highest common divisor of 1485 and 11.
11
What is the highest common factor of 2984 and 16?
8
What is the greatest common divisor of 535 and 1819?
107
What is the highest common factor of 28168 and 56?
56
What is the highest common divisor of 460 and 92?
92
Calculate the greatest common factor of 3196 and 17.
17
What is the highest common divisor of 4 and 168?
4
What is the greatest common factor of 86 and 4558?
86
What is the greatest common factor of 253 and 2321?
11
What is the highest common divisor of 15 and 148305?
15
What is the greatest common factor of 110 and 250?
10
What is the greatest common divisor of 3105 and 1755?
135
Calculate the greatest common factor of 4470 and 15.
15
What is the highest common divisor of 18 and 26?
2
What is the highest common divisor of 48 and 4008?
24
What is the highest common factor of 76 and 1216?
76
Calculate the highest common divisor of 136 and 646.
34
What is the highest common divisor of 28086 and 558?
186
Calculate the highest common divisor of 374 and 1700.
34
What is the greatest common divisor of 165 and 2860?
55
What is the greatest common factor of 2880 and 680?
40
Calculat